at is the value of 7 + 11 + -10 + (-1 - 4)?
3
Calculate 0 + 3 + 1 + 3.
7
What is 1 - 9 - (-15 + (-6 - -15))?
-2
-3 + (4 - 7) + 1
-5
What is the value of -12 - (0 - (11 + -7))?
-8
-6 + 27 + -22 + 10
9
Evaluate 2 + (5 + -13 - -2 - -5).
1
Calculate 1 + 4 - (-6 + 4 - -5).
2
What is the value of 12 - (-2 - 5 - -10 - 2)?
11
What is the value of -9 - (-1 + -16 - -5)?
3
What is the value of 2 - ((3 - 2) + -1)?
2
What is (-3 - -3 - 1) + (-2 - 0)?
-3
What is the value of -5 - (-7 - -3) - 3?
-4
-3 + (9 - 16) + 15
5
Calculate (-2 - -2) + 1 + (-1 - 2).
-2
What is -9 + (-3 - -2 - -10)?
0
(-1 - 3) + 2 + (1 - 4)
-5
-4 + (0 + -3 - 2) - -4
-5
What is -8 - -5 - (-10 - -5)?
2
What is -3 + 1 + 3 + (1 - -2)?
4
What is 1 - (1 + -1 + -3 - -3)?
1
Evaluate 0 - ((8 - 5) + 4 - 3).
-4
(3 - (-1 + -4)) + 27 + -28
7
What is the value of (3 - 1) + -8 + -10 + 11?
-5
What is -10 + (5 - (-9 + 7))?
-3
3 + -5 + (-1 - 1)
-4
What is the value of -5 - ((9 - 21) + (0 - 0))?
7
Calculate -2 + 4 + -4 + 1.
-1
What is the value of -3 - (2 + (1 - 2) + -1)?
-3
Evaluate -10 + 4 + -6 + (6 - -1).
-5
-8 + (-1 - -4) + 3
-2
-2 + (-2 - (-2 - -1) - -7)
4
5 + 3 + 10 + -9
9
0 - (2 + (-2 - (-6 + 9)))
3
Evaluate (8 - 4) + (-6 - -5).
3
Evaluate -6 + (-10 + 24 - 5).
3
(-7 - 1) + -24 + 20 + 6
-6
Evaluate -6 - (-1 + 4 - 3).
-6
Evaluate 4 + 2 + (-3 - 0) - 0.
3
What is the value of -24 + 32 - (2 + 4)?
2
Calculate (6 - (6 + -4 + 1)) + 0.
3
Evaluate -6 - -1 - (-22 - 2 - -20).
-1
What is 2 - 1 - (6 + 1 - 11)?
5
Evaluate 1 + -3 + (-4 - -3).
-3
What is 5 + (7 - 8 - (2 - 2))?
4
Evaluate (-15 - (-14 - -5)) + 10.
4
Calculate 1 - 1 - (-20 - -21).
-1
What is the value of -2 - (-1 + (1 - (3 - 5)))?
-4
Calculate 5 + (-1 - (-9 - -15)).
-2
What is the value of -2 + 11 + -9 + -6?
-6
Evaluate 5 - ((3 - -2) + -1).
1
What is -1 + 4 - (-23 - -26)?
0
What is the value of 12 + -3 - (-3 - -6)?
6
-1 + -1 - (-6 + 10 + -4)
-2
-6 - (-9 + 4 - 3)
2
What is the value of 47 - 44 - (0 + 0)?
3
What is the value of 1 - (-2 - (-2 + 0))?
1
What is the value of (12 - 16) + (-3 - -4 - -2)?
-1
Evaluate 7 - (11 - (1 - -8)).
5
Evaluate 43 - 44 - (-1 - 1).
1
-1 - ((-1 + 4 - 2) + 0)
-2
What is (-4 + (-4 - -5) - 5) + 3?
-5
Calculate 3 - (-1 + -3 + 4).
3
What is the value of -18 - -22 - (1 + 8 + -1)?
-4
-3 - -2 - (1 - (-3 + 0))
-5
Evaluate 4 - 0 - (-3 - (5 - 9)).
3
What is -18 + 11 - (-5 + 4)?
-6
Evaluate (-16 + 11 - -1) + -1 + 2.
-3
Evaluate -10 + 20 + -8 - (-1 + 0).
3
What is the value of 13 + -6 + 8 + -9?
6
6 + -14 - (-9 + 2)
-1
(-7 - -1 - (3 - 3)) + 4
-2
What is 74 - 73 - (1 - 1)?
1
Evaluate (-3 - (-3 + 0)) + -2 + 5.
3
What is the value of -9 + 5 - (3 - (5 - 2))?
-4
Evaluate -19 - (-6 - -9) - -12.
-10
Calculate -10 + 14 - (2 - 0 - -1).
1
Calculate -2 - (-2 + 4) - 1.
-5
What is the value of 1 + 6 + -14 + 7?
0
What is the value of (-10 - -12) + (-3 + 1 - -8)?
8
Calculate 11 + -13 + (4 - (0 - -2)).
0
What is (6 - 2) + -10 - -8?
2
-2 + (-3 - (2 + -5)) - 0
-2
What is -2 + (6 - 2) - 5?
-3
What is the value of 2 - (0 - -4) - -4?
2
What is the value of -5 + (2 - 1) - -6?
2
Evaluate 8 + 9 + -25 + 5.
-3
Calculate (5 - 6) + 0 + 0 + -3.
-4
Calculate 2 + -4 + (2 - -2).
2
What is -3 - (3 + 2) - -2?
-6
What is the value of 5 + -62 + 61 + (0 - -5)?
9
0 - 4 - (-1 - (4 - 2))
-1
Calculate 0 + -1 - (0 - (9 - 3)).
5
1 - (13 + -5 + -1)
-6
What is the value of 1 - (7 + -9) - 4?
-1
Calculate 7 - ((-1 - -4) + 1).
3
What is -6 + 4 - ((7 - 10) + 2)?
-1
13 - (-1 - (-5 - 5)) - -1
5
What is the value of 6 - ((-15 - -12) + 6)?
3
Calculate -1 + 1 + (2 + 1 - 5).
-2
What is the value of (11 - (7 + -4)) + -10?
-2
What is the value of 2 - (5 + -6 + 0) - 2?
1
What is the value of (3 - (5 - 4)) + -2?
0
What is 7 + (-8 - -2) + -6?
-5
Evaluate -8 - 8 - -8 - -2.
-6
What is -4 + 8 + -4 + -5?
-5
Calculate -10 + 11 - (0 - -4).
-3
Calculate -3 + (-1 - -8) + 3 + -7.
0
Evaluate 17 + -5 - (0 - -1) - 3.
8
-3 + 3 + 8 + (-27 - -21)
2
2 - 5 - 1 - -4
0
What is -12 + (-5 - -10) + (-6 - -5)?
-8
Evaluate 17 + -15 + -16 + 5.
-9
Evaluate 55 + -56 + 1 + -3.
-3
What is the value of (1 - 3 - 1) + -3 - -7?
1
What is 7 - (4 + -9 + 6)?
6
Calculate -11 + -5 + 2 + 8.
-6
Evaluate 2 - (0 + -5 + 10).
-3
What is 1 - -3 - 9 - -1?
-4
26 + -31 + (2 + 0 - 1)
-4
What is 0 + 6 - (-1 - -2)?
5
-170 + 169 + -2 + (4 - -2)
3
13 - (-3 + 20 - 12)
8
-14 - (-8 + (-1 - (-9 + 6)))
-8
What is 4 + (-3 - (-3 - 2)) - 1?
5
What is the value of -6 + (-1 - (9 - 4)) - -6?
-6
Calculate -5 + 0 + (10 + -5 - 2).
-2
What is -1 + (1 - (-1 + 6 + 1))?
-6
Calculate -5 + (5 - -2) + -4.
-2
Calculate -2 + (1 - 3 - -2) + 2.
0
Calculate 1 + 9 + -7 + (2 - -2).
7
-4 + -3 + 5 + 0 + 1
-1
What is the value of -5 + (4 + 4 - 9)?
-6
What is 14 + 0 + -2 - (57 + -49)?
4
Calculate -6 + (0 - (-9 - 1)).
4
Evaluate -10 - ((-5 - (-9 + 3)) + -5).
-6
What is 4 - 0 - (6 + -4 + 0)?
2
What is -5 + 1 - (-3 - (1 + 1))?
1
0 - -4 - (1 + -4) - 5
2
What is 22 - (3 + (5 - -6))?
8
3 - (4 + -3 + (-2 - -1))
3
10 + -4 + 5 + -9
2
What is (-1 - 6) + -58 + 63?
-2
Calculate -7 - (-1 - 3) - 2.
-5
Calculate 2 + (1 - (15 - 9)).
-3
What is -6 + 0 + (-1 - -5)?
-2
What is the value of -2 + (2 + (-1 - 2) - -4)?
1
(6 - (6 - 1)) + -3 + -1
-3
Evaluate -4 + 5 - (1 + -2 - 1).
3
Evaluate (-6 - -2) + (-3 - -2).
-5
-3 + -7 + 5 - (-5 - -5)
-5
What is the value of -1 + 6 + 6 + (1 - 6)?
6
Evaluate -2 + -2 + 7 - 4 - -1.
0
Calculate 2 + (-1 - (-5 - -2)).
4
-7 + 0 + (0 - (-1 - -2))
-8
Calculate 2 + (5 + (-14 - -6) - 0).
-1
What is the value of -2 - (1 - -4 - 5 - 5)?
3
Calculate (4 + -3 - -1) + 2.
4
Calculate 5 + (-4 - -1) - 4.
-2
Calculate 0 - (1 + 4 + -5) - 0.
0
20 + -19 + (-1 - 2)
-2
Calculate -13 + 13 - (3 - -1).
-4
What is (-1 - -3) + -2 - (0 - 6)?
6
What is 5 - (2 + 0) - -1?
4
Calculate 0 + -3 + 2 + (-1 - -2).
0
Evaluate 5 + -15 - (2 - 8).
-4
-4 + -1 + 8 + -4 - 4
-5
Calculate -1 - (-1 + 2 + 2).
-4
What is the value of 3 - 11 - -4 - -3?
-1
Calculate -5 + (5 - (-5 + 4)).
1
Evaluate (8 - 2) + -12 + 12 + -2.
4
Calculate (2 - 17) + (4 + -1 - -4).
-8
(3 - (-9 + 4)) + (-6 - -2)
4
What is the value of 12 + -8 - (2 + -1)?
3
What is the value of 10 - (8 + 3 + 0)?
-1
What is the value of -2 + (4 - 3) - 2 - 1?
-4
What is the value of -57 + 60 + (3 - 0)?
6
What is the value of (6 - 4) + 2 + -5?
-1
What is 0 + 2 - ((-3 - -3) + 0)?
2
What is (4 + -3 - -2) + (-1 - -1)?
3
What is the value of -17 + 10 + 5 + (-1 - -2)?
-1
Evaluate 1 - (0 + (0 - 3)).
4
Calculate 6 - -2 - (17 + -12).
3
What is the value of -67 + 75 - (4 + (2 - 4))?
6
What is the value of -7 + (4 - -8) + -1?
4
-2 - (-3 - -8) - (24 - 22)
-9
What is the value of -3 + 4 + -5 - (-11 - -1)?
6
What is 0 - (-10 - (-3 - 2))?
5
What is the value of -6 - 3 - (-25 - -18)?
-2
(-1 - 1) + 0 + -1 + 3
0
What is the value of (-3 - -6) + -5 + 1?
-1
What is 5 + (1 + -4 - 4)?
-2
What is 7 + (-7 - (7 + -7)) + 3?
3
Calculate -4 + -1 - -4 - -4.
3
What is the value of (9 - (23 + -12)) + -2 + 0?
-4
Evaluate -3 + 0 + (0 - -9 - 8).
-2
What is -8 + (4 - 2) - -4?
-2
-1 - (0 - 2) - 4
-3
What is the value of 9 + 8 + 2 + -9?
10
What is -4 + 4 + 2 + -1?
1
What is (14 - 14) + -5 + 1 - 0?
-4
What is the value of -2 - -6 - 3 - (3 - 4)?
2
Evaluate 46 + -42 + (2 - 11).
-5
Evaluate (-2 - -3) + (-4 - 0).
-3
What is 10 - (23 + 3 + -15)?
-1
What is 4 - (-1 + 0 + 2)?
3
What is the value of 8 + 0 + (-3 - 2) + 3?
6
What is -160 + 162 - (1 + 4 + 1)?
-4
What is 40 + -38 - (3 - -7)?
-8
What is the value of (1 - -7) + (-5 - 8 - -10)?
5
Calculate 0 - (-6 + -2 + (18 - 4)).
-6
6 + -1 + 25 + -40
-10
Calculate 7 + (2 + 3 - 6) + 0.
6
What is the value of -3 - 2 - (1 - 7)?
1
What is 7 + 1 + (-6 - -3) + 0?
5
Calculate -3 - -1 - (-10 - -7).
1
Calculate -4 - 0 - ((6 - 10) + 3).
-3
Calculate (6 - 13) + 3 + 3.
-1
(0 - -6) + (-116 - -112)
2
Calculate -7 - (-1 + -2 - (1 + 3)).
0
What is -3 + 2 + (6 - 4)?
1
What is the value of -3 + (0 - (-10 - -6))?
1
Calculate 0 + 6 + -4 + -3 + 0.
-1
Calculate 4 + -4 + 7 - 8.
-1
What is the value of 4 + -1 - (-22 + 22 + -6)?
9
6 - (1 - -2 - 2)
5
Evaluate (-1 - 5) + 7 + -8 + 2.
-5
Calculate (315 - 302) + -15 + 1.
-1
Evaluate -10 + 12 + 1 - (4 - 1).
0
Evaluate 1 - (-2 + 1 + -1).
3
Calculate 6 + -1 + (-1 - 1) + 6.
9
What is (-1 + 1 - 7) + (-5 - -8)?
-4
What is the value of -8 + (-1 - 1) + 7 - -3?
0
Calculate 11 + -3 - 3 - 6.
-1
(2 - -1) + -2 + 0 + 1
2
Evaluate 7 + (-3 - (-10 + 19)).
-